Last updated on 2024-05-26 04:03:51 CEST.
Flavor | Version | Tinstall | Tcheck | Ttotal | Status | Flags |
---|---|---|---|---|---|---|
r-devel-linux-x86_64-debian-clang | 1.2.1 | 13.70 | 331.04 | 344.74 | OK | |
r-devel-linux-x86_64-debian-gcc | 1.2.1 | 9.53 | 236.46 | 245.99 | OK | |
r-devel-linux-x86_64-fedora-clang | 1.2.1 | 416.20 | OK | |||
r-devel-linux-x86_64-fedora-gcc | 1.2.1 | 430.79 | OK | |||
r-devel-windows-x86_64 | 1.2.1 | 10.00 | 256.00 | 266.00 | OK | |
r-patched-linux-x86_64 | 1.2.1 | 12.36 | 318.63 | 330.99 | OK | |
r-release-linux-x86_64 | 1.2.1 | 10.94 | 321.04 | 331.98 | OK | |
r-release-macos-arm64 | 1.2.1 | 146.00 | OK | |||
r-release-windows-x86_64 | 1.2.1 | 10.00 | 256.00 | 266.00 | OK | |
r-oldrel-macos-arm64 | 1.2.1 | 164.00 | NOTE | |||
r-oldrel-macos-x86_64 | 1.2.1 | 271.00 | NOTE | |||
r-oldrel-windows-x86_64 | 1.2.1 | 14.00 | 309.00 | 323.00 | OK |
Version: 1.2.1
Check: installed package size
Result: NOTE
installed size is 5.1Mb
sub-directories of 1Mb or more:
data 3.1Mb
doc 1.9Mb
Flavors: r-oldrel-macos-arm64, r-oldrel-macos-x86_64
Version: 1.2.1
Check: package dependencies
Result: NOTE
Packages suggested but not available for checking:
'randomForestSRC', 'xgboost'
Flavor: r-oldrel-macos-x86_64