Last updated on 2024-05-26 04:03:59 CEST.
Flavor | Version | Tinstall | Tcheck | Ttotal | Status | Flags |
---|---|---|---|---|---|---|
r-devel-linux-x86_64-debian-clang | 0.1.2 | 8.25 | 129.99 | 138.24 | OK | |
r-devel-linux-x86_64-debian-gcc | 0.1.2 | 4.74 | 95.51 | 100.25 | OK | |
r-devel-linux-x86_64-fedora-clang | 0.1.2 | 166.57 | NOTE | |||
r-devel-linux-x86_64-fedora-gcc | 0.1.2 | 179.96 | NOTE | |||
r-devel-windows-x86_64 | 0.1.2 | 7.00 | 150.00 | 157.00 | OK | |
r-patched-linux-x86_64 | 0.1.2 | 4.51 | 126.58 | 131.09 | OK | |
r-release-linux-x86_64 | 0.1.2 | 4.24 | 124.73 | 128.97 | OK | |
r-release-macos-arm64 | 0.1.2 | 52.00 | OK | |||
r-release-macos-x86_64 | 0.1.2 | 151.00 | OK | |||
r-release-windows-x86_64 | 0.1.2 | 7.00 | 107.00 | 114.00 | OK | |
r-oldrel-macos-arm64 | 0.1.2 | 53.00 | OK | |||
r-oldrel-macos-x86_64 | 0.1.2 | 112.00 | OK | |||
r-oldrel-windows-x86_64 | 0.1.2 | 10.00 | 163.00 | 173.00 | OK |
Version: 0.1.2
Check: dependencies in R code
Result: NOTE
Namespaces in Imports field not imported from:
‘MASS’ ‘base’ ‘graphics’ ‘janitor’ ‘rlang’ ‘testthat’ ‘utils’
All declared Imports should be used.
Flavors: r-devel-linux-x86_64-fedora-clang, r-devel-linux-x86_64-fedora-gcc