Last updated on 2024-05-26 04:03:54 CEST.
Flavor | Version | Tinstall | Tcheck | Ttotal | Status | Flags |
---|---|---|---|---|---|---|
r-devel-linux-x86_64-debian-clang | 1.2.3 | 3.93 | 34.28 | 38.21 | OK | |
r-devel-linux-x86_64-debian-gcc | 1.2.3 | 3.69 | 24.60 | 28.29 | OK | |
r-devel-linux-x86_64-fedora-clang | 1.2.3 | 47.90 | NOTE | |||
r-devel-linux-x86_64-fedora-gcc | 1.2.3 | 44.84 | OK | |||
r-devel-windows-x86_64 | 1.2.3 | 4.00 | 44.00 | 48.00 | OK | |
r-patched-linux-x86_64 | 1.2.3 | 4.73 | 30.33 | 35.06 | OK | |
r-release-linux-x86_64 | 1.2.3 | 3.71 | 32.26 | 35.97 | OK | |
r-release-macos-arm64 | 1.2.3 | 16.00 | OK | |||
r-release-windows-x86_64 | 1.2.3 | 5.00 | 43.00 | 48.00 | OK | |
r-oldrel-macos-arm64 | 1.2.3 | 18.00 | OK | |||
r-oldrel-macos-x86_64 | 1.2.3 | 36.00 | OK | |||
r-oldrel-windows-x86_64 | 1.2.3 | 5.00 | 45.00 | 50.00 | OK |
Version: 1.2.3
Check: Rd cross-references
Result: NOTE
Undeclared package ‘utility’ in Rd xrefs
Flavor: r-devel-linux-x86_64-fedora-clang